17
List the prime factors of 2520638832.
2, 3, 52513309
What are the prime factors of 36387164?
2, 11, 67, 12343
List the prime factors of 507704598.
2, 3, 127, 24677
What are the prime factors of 56572150?
2, 5, 59, 127, 151
What are the prime factors of 5064522?
2, 3, 844087
List the prime factors of 20736773.
20736773
What are the prime factors of 5953169?
5953169
List the prime factors of 3263057202.
2, 3, 293, 1856119
List the prime factors of 4517390568.
2, 3, 188224607
What are the prime factors of 199440727?
199440727
What are the prime factors of 15943832?
2, 317, 6287
What are the prime factors of 641931558?
2, 3, 101, 1059293
What are the prime factors of 346838235?
3, 5, 389, 59441
List the prime factors of 1313096898.
2, 3, 17, 12873499
List the prime factors of 17017706.
2, 37, 41, 71, 79
What are the prime factors of 5221861304?
2, 11, 17, 23, 47, 3229
What are the prime factors of 2016606533?
131, 15393943
List the prime factors of 79865322.
2, 3, 19, 700573
What are the prime factors of 178821148?
2, 11, 37, 109841
List the prime factors of 3042208668.
2, 3, 47, 5393987
What are the prime factors of 139261196?
2, 277, 125687
What are the prime factors of 962978771?
22073, 43627
List the prime factors of 374288550.
2, 3, 5, 1009, 2473
What are the prime factors of 1091659707?
3, 40431841
List the prime factors of 295030828.
2, 439, 168013
List the prime factors of 506094387.
3, 168698129
List the prime factors of 641958.
2, 3, 106993
List the prime factors of 2767817790.
2, 3, 5, 349, 9791
What are the prime factors of 2662386649?
13, 204798973
What are the prime factors of 331268441?
7, 331, 142973
What are the prime factors of 58274691?
3, 17, 19, 60139
List the prime factors of 1193495285.
5, 17, 101, 139021
List the prime factors of 51293021.
13, 367, 827
List the prime factors of 233050488.
2, 3, 11, 251, 3517
List the prime factors of 4599095372.
2, 1149773843
What are the prime factors of 2013672258?
2, 3, 13, 2868479
What are the prime factors of 267857167?
439, 691, 883
What are the prime factors of 63045551?
63045551
List the prime factors of 3179777508.
2, 3, 23, 31, 73, 1697
List the prime factors of 1805506616.
2, 19, 11878333
List the prime factors of 25082696.
2, 23, 136319
List the prime factors of 20416210.
2, 5, 367, 5563
List the prime factors of 8445498.
2, 3, 17, 82799
What are the prime factors of 1662187892?
2, 3541, 117353
What are the prime factors of 785862933?
3, 19, 13787069
What are the prime factors of 504013094?
2, 13, 227, 6569
List the prime factors of 128708776.
2, 7, 31, 151, 491
List the prime factors of 317570499.
3, 23, 193, 7949
List the prime factors of 92833669.
29, 3201161
List the prime factors of 79900803.
3, 149, 19861
List the prime factors of 1450830150.
2, 3, 5, 7, 11, 17, 821
List the prime factors of 15153581.
643, 23567
List the prime factors of 13705456.
2, 263, 3257
List the prime factors of 1896819545.
5, 23, 16494083
List the prime factors of 1859207145.
3, 5, 123947143
What are the prime factors of 1402780776?
2, 3, 4057, 14407
What are the prime factors of 21502288?
2, 1343893
What are the prime factors of 46519997?
46519997
What are the prime factors of 4622119123?
23, 79, 557, 4567
What are the prime factors of 330314634?
2, 3, 13, 61, 73, 317
List the prime factors of 262273876.
2, 23, 193, 14771
List the prime factors of 37300667.
19, 1963193
What are the prime factors of 93642219?
3, 11, 945881
What are the prime factors of 1518850697?
7, 13, 2384381
List the prime factors of 387430716.
2, 3, 67, 481879
List the prime factors of 45261712.
2, 2828857
List the prime factors of 31144529.
13, 337, 7109
What are the prime factors of 152167379?
7, 13, 23, 29, 109
What are the prime factors of 2319771760?
2, 5, 28997147
What are the prime factors of 1779029620?
2, 5, 61, 211, 6911
What are the prime factors of 22179647?
7, 41, 109, 709
What are the prime factors of 314418955?
5, 41, 47, 32633
What are the prime factors of 2376852343?
8623, 275641
What are the prime factors of 322589420?
2, 5, 16129471
List the prime factors of 71640024.
2, 3, 2985001
What are the prime factors of 22624906?
2, 11312453
What are the prime factors of 863851668?
2, 3, 17, 379, 11173
List the prime factors of 730928400.
2, 3, 5, 609107
List the prime factors of 954870335.
5, 190974067
List the prime factors of 49706070.
2, 3, 5, 1656869
List the prime factors of 160453116.
2, 3, 89, 16693
What are the prime factors of 2908832411?
97, 29987963
What are the prime factors of 2561795394?
2, 3, 761, 561059
List the prime factors of 276793626.
2, 3, 17, 257, 10559
List the prime factors of 33586465.
5, 11, 313, 1951
What are the prime factors of 113100595?
5, 22620119
What are the prime factors of 283812925?
5, 11, 1032047
List the prime factors of 70054920.
2, 3, 5, 13, 14969
What are the prime factors of 14172863?
14172863
List the prime factors of 204467282.
2, 463, 220807
List the prime factors of 193606092.
2, 3, 101, 17749
What are the prime factors of 144570883?
2297, 62939
What are the prime factors of 170529358?
2, 353, 241543
List the prime factors of 426437682.
2, 3, 11, 53, 121909
List the prime factors of 13137874.
2, 97, 241, 281
List the prime factors of 333733640.
2, 5, 8343341
What are the prime factors of 23080347?
3, 569, 4507
What are the prime factors of 4717151903?
23, 907, 226123
What are the prime factors of 4148838042?
2, 3, 691473007
List the prime factors of 120501889.
211, 571099
List the prime factors of 146957696.
2, 79, 14533
What are the prime factors of 1158868514?
2, 359, 1614023
List the prime factors of 4816724468.
2, 22469, 53593
List the prime factors of 1360112095.
5, 8087, 33637
What are the prime factors of 2716650799?
19, 61, 1531
List the prime factors of 492793781.
29, 139, 122251
What are the prime factors of 143770591?
31, 853, 5437
List the prime factors of 176979463.
1319, 134177
What are the prime factors of 1109878292?
2, 277469573
List the prime factors of 953102640.
2, 3, 5, 7, 567323
List the prime factors of 2276005324.
2, 3049, 186619
List the prime factors of 2050232784.
2, 3, 42713183
List the prime factors of 54529746.
2, 3, 257, 35363
What are the prime factors of 65636237?
65636237
What are the prime factors of 101340973?
229, 442537
List the prime factors of 2676953554.
2, 11, 167, 4363
What are the prime factors of 8717926763?
7, 13, 95801393
What are the prime factors of 171263855?
5, 7, 4893253
List the prime factors of 43779160.
2, 5, 43, 25453
What are the prime factors of 6295690769?
31, 9839, 20641
List the prime factors of 39765558.
2, 3, 7, 135257
What are the prime factors of 4326352229?
149, 211, 241, 571
List the prime factors of 13455844.
2, 3363961
What are the prime factors of 231655122?
2, 3, 59, 218131
What are the prime factors of 65293709?
13, 19, 13913
List the prime factors of 74296428.
2, 3, 41, 151009
What are the prime factors of 21654287?
37, 585251
List the prime factors of 127853332.
2, 137, 181, 1289
List the prime factors of 6190380053.
11, 13, 37, 197, 5939
List the prime factors of 1057747990.
2, 5, 13, 17, 109, 4391
List the prime factors of 59299857.
3, 732097
List the prime factors of 693690710.
2, 5, 69369071
What are the prime factors of 310101429?
3, 11, 9397013
List the prime factors of 147565842.
2, 3, 37, 664711
What are the prime factors of 14613575?
5, 71, 8233
What are the prime factors of 1494692693?
13, 109, 397, 2657
List the prime factors of 7356647626.
2, 17, 149, 503, 2887
What are the prime factors of 15562948?
2, 3890737
What are the prime factors of 487701497?
29, 16817293
What are the prime factors of 86758909?
86758909
List the prime factors of 1581941711.
7, 225991673
List the prime factors of 460404231.
3, 7, 241, 90971
List the prime factors of 1309952550.
2, 3, 5, 8733017
What are the prime factors of 2434490507?
131, 18583897
What are the prime factors of 550792429?
11, 283, 176933
What are the prime factors of 678035131?
31, 521, 41981
What are the prime factors of 110034669?
3, 3313, 11071
What are the prime factors of 2730451342?
2, 1365225671
List the prime factors of 394955344.
2, 7, 43, 82009
What are the prime factors of 3377911836?
2, 3, 13, 23, 139, 521
What are the pri